 = 26244 - 52553 + 26256 + 7*h**2 + 52*h. What is i(1)?
6
Let g(w) be the first derivative of -w**6/120 + w**5/5 - 11*w**4/24 - 7*w**3/3 - w**2 + 13*w - 31. Let y(r) be the second derivative of g(r). Calculate y(11).
-14
Let h(c) = -21*c**2 - 3*c + 18. Let w(f) = 6*f**2 + f - 5. Let s(k) = 5*h(k) + 18*w(k). Let i(p) = 12*p**2 + 12*p - 1. Let u(o) = 2*i(o) - 9*s(o). Give u(-3).
-20
Let i(s) = s**3 - 92*s**2 + 194*s - 1267. Let j be i(90). Let v(w) = -63*w - 441. Calculate v(j).
0
Let m = 10 - 14. Let w(k) = k + 9. Let v be w(m). Let c(q) = -4 + 2*q - 4 + 7 - 6*q + q**2. Determine c(v).
4
Let p(x) = 26*x - 57*x**2 - 6*x + 83 - x**3 + 44*x**2. Calculate p(-14).
-1
Let t(c) = -c - 1. Let f(d) = -11. Let i(h) = f(h) - t(h). Suppose -15*a = -3*a - 144. What is i(a)?
2
Let g(k) = -k**2 - k - 13. Let h(v) = v - 13. Let t be h(9). What is g(t)?
-25
Let w(r) = -20*r**3 - 2*r**2 + 14*r + 39. Let c = 635 - 641. Let o(i) = -7*i**3 - i**2 + 5*i + 14. Let t(k) = c*w(k) + 17*o(k). What is t(4)?
-8
Let u = -19 - -21. Let v(m) = -22*m + 35*m - 18*m - m**u - 3. Determine v(-5).
-3
Suppose -5*l + 1430 = -4*u, -1 = -2*u - 11. Let x(b) = 141*b - 1 + 142*b + 4 - l*b. Calculate x(-7).
-4
Let g = 13 - 16. Let k(j) = -6806*j**2 - 10 + 6804*j**2 + 13 - j. What is k(g)?
-12
Let r be ((-63)/84)/(2/(-8)). Let d(c) = 3*c**2 + 1 + 3*c**r + 2*c**2 - 4*c**3 + 2*c. Let a be (-9)/(-3)*5/3. What is d(a)?
11
Let d = 15513 + -15519. Let t(v) be the second derivative of v**5/20 + 5*v**4/12 - 7*v**3/6 + v**2 - 2*v. Calculate t(d).
8
Suppose 2*b - 18 = b. Suppose -k - k + b = 0. Let x(a) be the third derivative of a**4/24 - a**3/3 + 4*a**2 - 340*a + 5. Determine x(k).
7
Let i = 1 + -4. Let y = -1 + i. Let w(z) = -9 + 4*z - z**3 + 7*z**2 - 20 - 10*z**2 - 9 + 39. What is w(y)?
1
Let l(o) = -2*o**2 - o - 2. Let d = -512 - -573. Suppose -d = -36*h + 11. What is l(h)?
-12
Suppose -3*t + 2*t - 6 = 0. Suppose 3*b - 16*b + 26 = 0. Let r(d) = -5*d + 328*d**3 + 316*d**3 - 645*d**3 - 7*d**b. Give r(t).
-6
Let b be ((-26)/(-91) - (-17)/14)*(-48)/18. Let h(l) = l**3 + 5*l**2 - 2*l - 17. Calculate h(b).
7
Let v(i) be the first derivative of 33*i**2/2 + 143*i + 11299. Determine v(-5).
-22
Suppose 77 = o - 5*f + 42, -4*o + 5*f + 20 = 0. Let i(q) = q**2 + 34*q + 144. Give i(o).
-1
Let m(q) = -57*q**3 - 28 + 58*q**3 + q**2 - 19*q + 0*q + 2 - 19*q**2. Give m(19).
-26
Let b(l) = l**2 + l + 10. Let a(n) = 8*n**2 + 38*n - 39. Let o be a(1). Suppose -o*s + 9*s = 0. What is b(s)?
10
Let q(p) = -26*p**2 + 4*p - 28. Let i(d) = 22*d**2 - 4*d + 27. Let l(k) = 7*i(k) + 6*q(k). Let g(s) be the first derivative of l(s). Calculate g(3).
-16
Let p(u) = -u**3 + 9*u**2 + 2. Let v = -195 - -201. Suppose 20 = v*k - 34. Determine p(k).
2
Let o be 40/(-10)*10*(0 + -1). Let f = o - 40. Let a(q) = -q - 5. Determine a(f).
-5
Let n(p) = p - 4. Let s(v) = v**2 - 3*v - 1. Let c be s(0). Let b be 36/12 - (-2 - c*3). Suppose b*g = 8*g. What is n(g)?
-4
Let l(v) = -8 + 13*v + v**3 - 16*v**2 - 4*v - 17*v**2 + 29*v**2. Determine l(2).
2
Let b = 17 - 17. Suppose 5*o - 8 - 32 = b. Let m be o/(-14) + (-60)/140. Let t(d) = 3*d + 1. Calculate t(m).
-2
Suppose -6 + 6 = 29*i - 0. Let b(d) be the third derivative of i*d**3 + 1/15*d**6 + 0*d - 1/24*d**4 + 0 + 1/30*d**5 + 15*d**2. Determine b(1).
9
Let s(k) = k - 7. Let d(r) = -r + 15 + 13 + r - 5*r. Let m(j) = 2*d(j) + 9*s(j). Calculate m(-5).
-2
Let r(s) = -55*s + 711. Let o be r(13). Let b(n) be the third derivative of n**4/8 + 4*n**3/3 - 4*n**2. What is b(o)?
-4
Let b(a) = 2*a + 12. Let z(o) = -35*o - 70. Let h(q) = -5*b(q) - z(q). Determine h(0).
10
Let b(s) = -3*s**3 - 14*s**2 + 21 - 5 - 3818*s + 3827*s. Determine b(-5).
-4
Let p be 26 + -7 - (-38 + 48). Let j(m) = -4 + 0*m**3 - 1 - m - 9*m**2 + m**3. Calculate j(p).
-14
Let y be 6*(-8)/(-6)*6. Let r be (2964/(-10))/(-6) - 6/(-10). Let w = r - y. Let f(l) = 2*l**2 - 4*l + 3. Determine f(w).
3
Let h(w) = w**3 + 2*w**2. Let d(g) = 2*g**3 + 4*g**2 + 2*g + 3. Let k(y) = d(y) - h(y). Let v(n) = -5*n - 1. Let r be v(1). Let x be 9/r*(-4)/(-3). Give k(x).
-1
Let y(h) = -1 - h**3 + 288*h**2 - 222*h**2 - 95*h**2 + 0. Calculate y(-29).
-1
Let g(z) be the second derivative of z**4/12 - 2*z**3/3 - 3*z**2 + z - 28. Let o be -2*(16 - 0)*2. Let r be o/(-12) - 4/(-6). Give g(r).
6
Let b be (-3)/(-6) - 133/(-38). Let t(x) be the third derivative of 0*x + 1/12*x**b + x**3 - 1/60*x**5 - 4*x**2 + 0. What is t(5)?
-9
Let d(c) = -2*c**3 + 20*c**2 + 41*c - 25. Let q(p) = -p**3 + 10*p**2 + 20*p - 12. Let v(k) = 4*d(k) - 9*q(k). Determine v(11).
-47
Let w(x) be the third derivative of x**7/840 - x**6/72 + x**5/120 + x**4/12 - 29*x**3/3 - 35*x**2 - 2. Let q(d) be the first derivative of w(d). Determine q(5).
7
Let d(n) be the third derivative of -n**6/720 - n**5/12 - 21*n**4/8 - 17*n**2. Let m(g) be the second derivative of d(g). Calculate m(-5).
-5
Let w(d) = -8*d - 3. Let p = -1 - -3. Suppose y + 37 - 41 = 0. Suppose -p*a + y = 2*j, -2*j - 24 = -0*j - 5*a. Determine w(j).
13
Let a(r) = -4*r**2 + 6*r + 5. Suppose 0 = 83858*q - 83839*q + 57. Calculate a(q).
-49
Let c(n) = 3*n**3 + n**2 - 1. Suppose 5*i - 20 = 0, -2*i - 313 = 2*s + 101. Let l = s - -210. Determine c(l).
-3
Let f(z) = 3 - 8*z**2 - 9*z - 5 + 1 - 7 + 6*z**2. Determine f(-4).
-4
Let f(v) = -v**2 + 2*v - 3. Let g be ((-6)/4)/(3/(-8)). Let h be 4 + 0 + -1 + -1. Suppose -h = t - g. Give f(t).
-3
Let x(f) be the second derivative of 7*f**4/12 + 5*f**3/6 - 3*f**2/2 - 159*f. Let p(s) = -10*s**2 - 6*s + 3. Let l(w) = -2*p(w) - 3*x(w). Give l(-3).
3
Let b(u) = 0*u**2 + 2 - 3*u - 5*u**2 + 4*u**2. Let x(g) be the second derivative of -g**3/6 - 33*g**2/2 + 22*g + 1. Let s be x(-28). Calculate b(s).
-8
Let w(x) = 3*x**2 - 6*x - 2. Let j be 2/9 + (-384)/(-216). Suppose 3*t - 6 = -u, j*u - 6 = -5*t - u. Determine w(t).
7
Suppose -q = -5*z - 26, 0 = -2*z - 4*q - 13 - 37. Let o(n) be the first derivative of n**3/3 + n**2 - 9*n + 1. Determine o(z).
26
Let f(l) = -7*l**3 - 11*l**2 + 18*l. Let b(i) = -20*i**3 - 32*i**2 + 50*i. Let s(c) = 4*b(c) - 11*f(c). Calculate s(-2).
-8
Let q(r) = -r**2 + 4*r + 7. Suppose 0 = -2*w + w + 40. Suppose -4*v = -3*v + w. Let z = v + 45. What is q(z)?
2
Let w(r) = r**2 - 2*r - 4. Let q = -331 - -327. What is w(q)?
20
Let i(m) = 4*m + 4 + 1 - 5*m. Let q(n) = n**3 - 22*n**2 + 39*n + 48. Let u be q(20). Suppose 9*l + u*l = 6*l. Give i(l).
5
Let z(s) = s**2 - 2*s. Let v(a) = -a - 21. Let w be v(-14). Let o = w + 8. Let r be (-1 - -2 - o) + 3. Calculate z(r).
3
Let u(n) = 19*n**2 + 16*n**2 - 4*n + 5 - 69*n**2 + 14*n**2 + 21*n**2. Determine u(4).
5
Let k(r) be the second derivative of -r**4/8 + 2*r**3/3 + 87*r**2 + 153*r. Let w(o) be the first derivative of k(o). Let q be -1*(-7 + 0 + 1). Determine w(q).
-14
Let l(j) = 46*j - 2261 + 4030 - 2370. Give l(13).
-3
Let c(l) = l**3 - 6*l**2 + 6*l - 3. Suppose 26*m = 17*m - 9. Let y(x) = 2*x**3 - 2. Let v(z) = m*c(z) + y(z). Let r be (0 + 1)*(1 - 8). Give v(r).
-6
Let d(j) = -2*j + 12. Let o be d(5). Let w(u) = -2*u**2 - 8*u**o + 1 - u + 0*u**2. Determine w(1).
-10
Let k(z) = -z**3 + z**2 - z + 1. Let u(a) = 29*a**3 - a**2 + 2*a - 2. Let c(l) = -2*k(l) - u(l). Determine c(1).
-28
Let o(p) = -7 - 7 - 4 - p**3 + 13*p - 12 - 11*p**2 + 27. What is o(-12)?
-15
Let w(x) = -22 - 2720*x - 2740*x + 5463*x - 44. Give w(33).
33
Let k(w) = -w - 3. Suppose g + 2 = -i, -4*g - 3*i = g. Suppose g*q = 140 + 7. Let h = -43 + q. Calculate k(h).
-9
Let s(u) = -6*u + 6. Let b = 298 - 314. Let v be ((-2)/b - 0) + (-945)/(-120). Calculate s(v).
-42
Let q(o) = 551*o**2 + 160*o - 44. Let m(i) = -110*i**2 - 33*i + 9. Let j(t) = -29*m(t) - 6*q(t). Calculate j(1).
-116
Let k be 4/(-1) - -3 - (5 - 1). Let y(f) = -2 + 4*f + 2*f + 0*f - 5*f. Determine y(k).
-7
Let d(g) = -123*g - 623. Let b be d(-5). Let x(h) = 0*h + 11*h + 11*h**2 + 9 - 10*h**2. Give x(b).
-15
Let q(m) = -m**2 - 6*m - 9. Let b be (-228)/38*2/6. Give q(b).
-1
Let l(d) = d + 7. Suppose -12 = 4*a - 2*s - 54, -33 = -a + 5*s. Let z be (-4 + -2)/(10 - a). Calculate l(z).
4
Let m(t) = 32*t + 3*t**2 + 30 - t**2 + 0*t**2 - 31*t. Calculate m(0).
30
Let f(v) be the first derivative of 1/2*v**2 - 50 - 1/4*v**4 - v**3 + 0*v. Calculate f(-4).
12
Let q be (2 + 1)*(-520)/3. Let p = -524 - q. Let y(m) = -m + 2. Determine y(p)